omposite number?
True
Is 78901 a prime number?
True
Is 349333 prime?
False
Is 1151 a prime number?
True
Is 376657 prime?
True
Is 23329 composite?
True
Is 122933 composite?
True
Is 563366 a prime number?
False
Is 40031 prime?
True
Is 55373 prime?
True
Is 70671 composite?
True
Is 2671 a composite number?
False
Is 82805 composite?
True
Is 12745 composite?
True
Is 1093517 prime?
True
Is 362923 a composite number?
True
Is 5297 a composite number?
False
Is 71587 composite?
True
Is 587855 prime?
False
Is 148073 a prime number?
True
Is 41333 a prime number?
True
Is 185023 prime?
False
Is 14471 a composite number?
True
Is 3599 prime?
False
Is 131407 composite?
True
Is 5079 a composite number?
True
Is 119309 prime?
False
Is 373899 a prime number?
False
Is 2452963 prime?
True
Is 47 prime?
True
Is 23459 composite?
False
Is 27397 composite?
False
Is 2125319 a composite number?
True
Is 54869 composite?
False
Is 59707 prime?
True
Is 11197 composite?
False
Is 42233 a composite number?
True
Is 111029 a composite number?
False
Is 184501 composite?
True
Is 1481 prime?
True
Is 77947 a prime number?
False
Is 13223 a composite number?
True
Is 776255 composite?
True
Is 107741 a composite number?
False
Is 722749 a prime number?
True
Is 2333 prime?
True
Is 34399 prime?
False
Is 6131 a composite number?
False
Is 1566035 composite?
True
Is 5839 a prime number?
True
Is 150281 prime?
False
Is 161979 composite?
True
Is 3907 composite?
False
Is 30341 composite?
False
Is 50927 prime?
False
Is 189053 prime?
False
Is 30529 composite?
False
Is 199051 composite?
True
Is 39062 a composite number?
True
Is 2269 a prime number?
True
Is 44777 composite?
False
Is 5585 prime?
False
Is 9194 composite?
True
Is 888799 composite?
False
Is 84179 composite?
False
Is 2603569 a composite number?
False
Is 1511 a composite number?
False
Is 16759 a composite number?
False
Is 157543 composite?
False
Is 792199 a prime number?
False
Is 13841 prime?
True
Is 324778 prime?
False
Is 216967 composite?
False
Is 1080641 a prime number?
False
Is 10231 prime?
False
Is 1269007 prime?
True
Is 29251 composite?
False
Is 12989 a prime number?
False
Is 1789457 a prime number?
True
Is 13081 a composite number?
True
Is 415 a composite number?
True
Is 879089 a prime number?
True
Is 523657 a prime number?
True
Is 39395 composite?
True
Is 3299 composite?
False
Is 15977 a composite number?
True
Is 10499 a composite number?
False
Is 461801 a composite number?
False
Is 5294 a composite number?
True
Is 1328221 prime?
False
Is 13307 prime?
False
Is 7405 composite?
True
Is 36145 prime?
False
Is 67879 a composite number?
True
Is 934205 composite?
True
Is 14281 a prime number?
True
Is 9461 composite?
False
Is 2156069 prime?
False
Is 9089 prime?
False
Is 1073 a prime number?
False
Is 4406 a composite number?
True
Is 6673 a prime number?
True
Is 623957 a prime number?
True
Is 412777 prime?
False
Is 90347 a composite number?
True
Is 1055 composite?
True
Is 17401 prime?
True
Is 2761 a prime number?
False
Is 1077 a composite number?
True
Is 60859 prime?
True
Is 88679 composite?
True
Is 518933 a prime number?
True
Is 791657 a prime number?
True
Is 31471 a composite number?
True
Is 258389 a prime number?
True
Is 104847 a prime number?
False
Is 485 prime?
False
Is 3712669 composite?
False
Is 29485 a composite number?
True
Is 37307 a prime number?
True
Is 538679 a prime number?
False
Is 13991 a composite number?
True
Is 34807 a composite number?
False
Is 87179 a prime number?
True
Is 77929 a composite number?
False
Is 2245 a composite number?
True
Is 2329 a composite number?
True
Is 138487 a composite number?
True
Is 646319 a composite number?
True
Is 28277 a composite number?
False
Is 12938 prime?
False
Is 217057 composite?
False
Is 1012481 composite?
False
Is 993589 composite?
False
Is 176029 a composite number?
True
Is 211543 a prime number?
True
Is 108565 composite?
True
Is 706981 a prime number?
False
Is 66979 composite?
True
Is 39211 prime?
False
Is 11369 a prime number?
True
Is 273629 prime?
True
Is 14597 prime?
False
Is 2153 a prime number?
True
Is 17153 prime?
False
Is 76799 a prime number?
False
Is 4443 composite?
True
Is 16787 composite?
False
Is 4621 prime?
True
Is 244837 a composite number?
False
Is 7789 a prime number?
True
Is 1303235 a prime number?
False
Is 2579 a composite number?
False
Is 13058 composite?
True
Is 33791 composite?
False
Is 242621 prime?
True
Is 58363 prime?
True
Is 25247 composite?
False
Is 4553 a prime number?
False
Is 2999 a prime number?
True
Is 7409 prime?
False
Is 6653 a prime number?
True
Is 88493 a composite number?
False
Is 56149 a prime number?
True
Is 241511 composite?
False
Is 508279 a composite number?
True
Is 49223 a composite number?
False
Is 50497 composite?
False
Is 22247 a composite number?
False
Is 68863 composite?
False
Is 7116847 composite?
False
Is 29451 composite?
True
Is 16787 a composite number?
False
Is 7113 a composite number?
True
Is 1666991 a composite number?
False
Is 9173 a prime number?
True
Is 232567 a composite number?
False
Is 6449 composite?
False
Is 14981 a prime number?
False
Is 6163 a composite number?
False
Is 30491 a composite number?
False
Is 9431 a prime number?
True
Is 12007 a prime number?
True
Is 241573 composite?
True
Is 794959 composite?
True
Is 2176855 composite?
True
Is 213589 a composite number?
False
Is 44683 prime?
True
Is 265861 prime?
True
Is 365191 a composite number?
True
Is 56569 prime?
True
Is 6239 a composite number?
True
Is 9091 a prime number?
True
Is 641642 a composite number?
True
Is 8617 a prime number?
False
Is 151331 prime?
False
Is 80273 a composite number?
False
Is 751 composite?
False
Is 50731 a prime number?
False
Is 160663 prime?
True
Is 28489 prime?
False
Is 393317 a prime number?
False
Is 9767 composite?
False
Is 929 prime?
True
Is 21289 composite?
True
Is 105349 a composite number?
True
Is 1757 composite?
True
Is 5981 composite?
False
Is 21089 a prime number?
True
Is 2503 a prime number?
True
Is 1290757 composite?
True
Is 1939 a composite number?
True
Is 1597381 a composite number?
False
Is 33961 composite?
False
Is 33463 prime?
False
Is 309979 prime?
False
Is 453289 composite?
False
Is 157 a composite number?
False
Is 7367 composite?
True
Is 139891 a composite number?
False
Is 11777 a composite number?
False
Is 59921 prime?
True
Is 757477 composite?
True
Is 262511 a composite number?
False
Is 24841 prime?
True
Is 8367 composite?
True
Is 64451 a composite number?
False
Is 11279 a composite number?
False
Is 21439 composite?
True
Is 7297 prime?
True
Is 5561 prime?
False
Is 870335 composite?
True
Is 1038707 a composite number?
False
Is 3989 prime?
True
Is 84259 a prime number?
False
Is 262957 a composite number?
False
Is 94597 a composite number?
False
Is 1108753 composite?
False
Is 114547 composite?
False
Is 321163 a composite number?
False
Is 3611 a prime number?
False
Is 6189 a prime number?
False
Is 485 a prime number?
False
Is 1080071 a prime number?
False
Is 1029959 a composite number?
True
Is 780086 a composite number?
True
Is 650593 a prime number?
False
Is 5164579 a composite number?
True
Is 34509 composite?
True
Is 74 prime?
False
Is 1414147 prime?
False
Is 1541 composite?
True
Is 17551 prime?
True
Is 12949 a prime number?
False
Is 8009 a composite number?
False
Is 3163 a composite number?
False
Is 28253 prime?
False
Is 177739 composite?
False
Is 10453 a prime number?
True
Is 9535 a prime number?
False
Is 10547 prime?
False
Is 960229 a prime number?
True
Is 7607 a composite number?
False
Is 1259 a composite number?
False
Is 552359 composite?
True
Is 6207 prime?
False
Is 207455 prime?
False
Is 1283237 composite?
False
Is 558983 composite?
True
Is 3989 prime?
True
Is 23791 a prime number?
False
Is 2157 prime?
False
Is 328249 composite?
False
Is 11801 composite?
False
Is 72107 a composite number?
True
Is 5663 prime?
False
Is 7559 a composite number?
False
Is 39293 composite?
False
Is 14107 prime?
True
Is 385527 a prime number?
False
Is 201473 prime?
True
Is 614377 a composite number?
False
Is 141991 composite?
False
Is 20323 prime?
True
Is 241541 a composite number?
True
Is 12667 a prime number?
False
Is 562493 a prime number?
True
Is 4751 composite?
False
Is 941 a composite number?
False
Is 705349 prime?
False
Is 111698